est common divisor of 72 and h?
24
Suppose 2*v = -o + 56, 10*v - 7*v = 15. What is the greatest common factor of o and 138?
46
Let j be (((-12)/(-16))/((-5)/(-480)))/1. Calculate the greatest common factor of j and 162.
18
Let a(g) = 6*g + 1. Let d be a(1). Let b be 0 + 0 - 4/(-8)*34. Let x = b - d. Calculate the greatest common divisor of x and 15.
5
Suppose 5*m = -3*t + 915, -t + m = -2*m - 291. Suppose 3*r + t = 8*r. What is the greatest common factor of r and 12?
12
Let w(h) be the first derivative of h**3/3 + 9*h**2/2 + 19*h - 8. Let p be w(-6). Calculate the highest common factor of 3 and p.
1
Let o = 245 - 224. What is the greatest common divisor of o and 231?
21
Let f(t) = -7*t**2 + t - 1. Let b be f(2). Let r be (-9)/(b/(-12)) - -10. Calculate the highest common divisor of r and 42.
6
Let k = -59 + 82. Let r be 8/6 + 88/33. Suppose j = -3*a + 201, -r*j - 469 + 1307 = -5*a. What is the greatest common factor of k and j?
23
Suppose 0 = -5*d + 2*d + 84. Let a = 12 - d. Let g = a - -18. Calculate the greatest common divisor of 1 and g.
1
Let q = 1251 - 1206. What is the greatest common divisor of q and 255?
15
Suppose -179 = 5*r - 429. What is the greatest common factor of r and 225?
25
Let q(p) = 3*p**2 - p + 1. Let v be q(-6). What is the greatest common divisor of v and 5?
5
Let t(u) = u**3 - 8*u**2 + 2*u + 4. Let c = 1 + 5. Let g be t(c). Let m be g/(-12) - (-1)/3. Calculate the greatest common divisor of 55 and m.
5
Suppose 0 = -2*i - 2*y + 64, -2*y + 3 = y. Suppose 2*v = 6*v - 124. Calculate the greatest common divisor of v and i.
31
Let h = 861 + -849. What is the highest common divisor of 156 and h?
12
Let r be -1*7/(7/82). Let p = r + 94. What is the greatest common factor of p and 48?
12
Let i = -7 - 1. Let b = -6 - i. Calculate the highest common factor of b and 2.
2
Let p = -1814 + 1948. Calculate the highest common factor of 2814 and p.
134
Let c be (1/2)/(3/(-2 - 4)). Let v be 18 + c*(9 + -5). Calculate the highest common factor of v and 98.
14
Suppose -6 = z - 3, 0 = 5*q - 4*z + 28. Let h be 195/4 + q/(-32). Let v = -33 + h. What is the greatest common factor of 176 and v?
16
Suppose 5*u - 4*l = -7, 3*l - 8 = 5*u - 4*u. Let s(x) = 83*x - 4 - 157*x + 5 + 77*x. Let p be s(u). Calculate the highest common factor of p and 36.
4
Suppose 0 = -12*g + 956 + 508. What is the highest common divisor of g and 2?
2
Let m be (-1)/(-3) - (2589/(-9) - 1). What is the greatest common factor of m and 34?
17
Let b = 4 - 7. Let d(a) = a**3 + 7*a**2 + 4*a + 6. Let s be d(b). What is the highest common divisor of 15 and s?
15
Let h(a) = a**3 - 7*a**2 + 10*a - 8. Let n be h(6). Let t = 13 + -8. Suppose t*g = p + 16, -3*p = -5*p + g + 4. Calculate the highest common factor of p and n.
4
Let w be (6/3 - 1) + 0. Let d(u) = -u**3 + 7*u**2 - 14*u + 9. Let v be d(3). Calculate the highest common divisor of v and w.
1
Suppose 96 = 2*l - 4*u, -248 = -5*l + 3*u - u. Let q be -9*6/(-9) + -1. What is the greatest common factor of l and q?
5
Let p(l) = l + 3. Let i be p(9). Suppose u + 3*u - t = 332, u - 72 = 3*t. What is the greatest common divisor of i and u?
12
Suppose 229 = 5*g + 24. Suppose 5*z + 5*y = 95, 0 = -2*z - 0*z + y + g. What is the highest common factor of z and 180?
20
Let u = 118 + -41. Let k be ((-17)/2)/((-4)/8) - (178 + -183). Calculate the highest common divisor of u and k.
11
Let s be 158 + -4 + -3 + 9. Calculate the highest common divisor of s and 10.
10
Let n(i) = -2*i + 22. Let q be n(8). Suppose q*z + 2392 = -26. Let v = -163 - z. Calculate the greatest common divisor of 24 and v.
24
Let n be (-2)/15 + (-20139)/(-2205). Calculate the greatest common divisor of n and 603.
9
Suppose 23*t = 20*t - 9. Let h be t/(4/(-56)*1). What is the greatest common factor of 21 and h?
21
Let m(i) = -105*i**3 - i**2 + 2*i + 3. Let d be m(-1). What is the highest common factor of d and 735?
105
Suppose 3*h = -21, -5*h - 4 = 6*l - 17. Let g = 118 + -78. Calculate the greatest common divisor of g and l.
8
Let s be 96 - 4*(-4 + 6)/2. Suppose 76*q = 78*q - s. Calculate the greatest common divisor of q and 414.
46
Let h be 12/9*(-9)/2. Let y be (-3)/h*(10 + 20/(-5)). What is the highest common factor of 4 and y?
1
Let b(n) = -3*n - 45. Let x be b(-24). Let c(d) = -d**2 + 9*d - 11. Let j be c(7). What is the greatest common divisor of j and x?
3
Suppose -3*k = 4*q - 32, -k + q = 4*k - 38. Calculate the greatest common divisor of 1 and k.
1
Let z = -12 - -26. Let h = 17 - z. Let b = -11 - -32. Calculate the greatest common divisor of h and b.
3
Let y(r) = r**3 - 7*r**2 - 10*r + 5. Let j be y(9). Calculate the greatest common divisor of 49 and j.
7
Let n = 161 + -121. What is the greatest common factor of n and 8?
8
Suppose -475 = -12*f + 581. Calculate the highest common factor of f and 55.
11
Let j(v) = 20*v + 130. Let f be j(-3). What is the highest common divisor of 90 and f?
10
Suppose -4*s = -5*d - 90 - 176, 8 = -4*d. What is the highest common divisor of 24 and s?
8
Let o(f) = 3*f - 3. Let p(r) = -7*r + 5. Let t(b) = 5*o(b) + 2*p(b). Let y be t(15). What is the highest common divisor of y and 100?
10
Let y(v) = v**3 + 3*v**2 - 15*v - 14. Let r be y(-5). Let z be 5/4 - 3/12. Let j(b) = 10*b + 1. Let k be j(z). What is the highest common factor of k and r?
11
Let l be (-5)/((-138)/45 - -3). Let i = -58 + 88. Calculate the highest common divisor of i and l.
15
Suppose -168 = -4*v + 131*n - 135*n, n + 178 = 4*v. Suppose 3*f - 114 = 5*p, 0*f - 5*f = 5*p - 150. Calculate the greatest common divisor of f and v.
11
Suppose 0 = -4*j - 4 + 8. Let w be 1*(0 - (0 - j)). Suppose -w = -g + 11. What is the greatest common divisor of 12 and g?
12
Suppose -a + 5 = -35. Suppose -3*t + 1 = -r, 16 = -t + 5*r - 7. Suppose 2*w - 25 - t = -z, -58 = -3*w + 2*z. Calculate the greatest common factor of w and a.
8
Let y(n) = -n**3 + 5*n**2 + 6*n + 3. Let f be y(6). Suppose d + 38 = c, -f*c + 3*d + 149 = c. Let h = -25 + c. Calculate the highest common divisor of 4 and h.
2
Let o(x) = -x**3 - 24*x**2 + 20*x - 80. Let v be o(-25). Calculate the highest common divisor of v and 36.
9
Suppose -3*s + f + 109 = -3*f, -5*s - 5*f = -170. Suppose 4*h = 323 - s. Calculate the highest common divisor of h and 8.
8
Suppose -9*t + t + 2056 = 0. Suppose -6*g + t = -1. What is the highest common factor of 43 and g?
43
Let k(c) = 4*c**2 + 2*c. Let u be k(1). Suppose -u*o + 168 = -3*o. Let p be ((-7)/(-4))/((-10)/(-40)). What is the greatest common divisor of p and o?
7
Let q(b) = 30*b**2 + 2*b - 1. Let h be q(1). Let a = h - 21. Suppose -2*u - 185 = -5*j, -4*u + 2*u - a = 0. What is the highest common divisor of 7 and j?
7
Suppose 5*q - 313 = 567. Let i be (44/8)/((-1)/(-4)). What is the highest common factor of q and i?
22
Let k be (-16)/(-40) + (-16)/(-10). Suppose 2*s + 8 = -k, 2*f - s - 23 = 0. Let a = 27 - f. What is the highest common factor of 27 and a?
9
Suppose 8554 = 40*l - 26*l. Calculate the greatest common factor of 13 and l.
13
Suppose 4*v - 3215 = -5*q, 6 = 3*q + 9. What is the highest common factor of v and 460?
115
Suppose -18*s - 29 = -245. Let z be 2 - (1 + -3 + -2). Suppose x - z + 0 = 0. Calculate the highest common divisor of x and s.
6
Suppose -17 = 2*x - 9, -4*g - 2*x = -388. What is the greatest common divisor of 171 and g?
9
Let u = -12 - -14. Let v be u/(-4)*20/(-5). What is the highest common factor of v and 8?
2
Let n be (2/(-5) + 4)/((-20)/(-50)). Let i be (2/4)/(2/36). What is the greatest common divisor of i and n?
9
Let j = 164 - 140. What is the highest common factor of 160 and j?
8
Let n(k) = -3*k - 27. Let o be n(-24). What is the greatest common factor of o and 72?
9
Let z be (-45)/75 + 3918/30. What is the greatest common factor of z and 70?
10
Let c be ((-1)/1)/(-4) + (-19)/76. Suppose -7 + c = -r. Suppose -1 + 10 = 3*n + 3*a, -n - 2*a = 1. Calculate the highest common factor of r and n.
7
Suppose 0 = 2*o + o - 378. Let b = 12 - 8. Suppose b*k = -5*z - 0*z + 67, -2*k + 3*z + 39 = 0. What is the highest common divisor of k and o?
18
Suppose -42 - 4 = -u. Suppose 3*o - 14 = u. Calculate the highest common divisor of o and 10.
10
Let o(w) be the first derivative of 11*w**3/3 - w**2 + w + 11. Let y be o(1). Suppose 0 = 3*l - 49 - 161. Calculate the highest 